nd 875815181.
1097
Calculate the greatest common divisor of 348753 and 1325952.
3453
What is the highest common divisor of 8099 and 1647247?
7
What is the greatest common factor of 2784 and 5744262?
174
Calculate the highest common factor of 80 and 15191048.
8
What is the greatest common divisor of 111719040 and 4650?
930
What is the highest common factor of 327282 and 114?
6
Calculate the highest common factor of 17548445 and 25.
5
What is the highest common divisor of 693888 and 1588353?
5421
What is the highest common factor of 3084 and 9768336?
12
What is the highest common factor of 440 and 14876510?
110
What is the highest common factor of 2592 and 44487549?
81
Calculate the greatest common divisor of 206952 and 6576.
24
Calculate the highest common divisor of 33520 and 9680.
80
What is the greatest common divisor of 60050 and 360100?
50
Calculate the greatest common divisor of 1271124 and 1071.
153
Calculate the greatest common factor of 38495509 and 29289.
9763
What is the highest common factor of 9296938 and 42?
14
What is the highest common factor of 18581 and 1210264?
17
What is the greatest common divisor of 490423 and 448841?
1223
What is the highest common factor of 26042 and 7498646?
58
Calculate the highest common divisor of 290891 and 20823.
631
What is the greatest common factor of 4 and 60206180?
4
Calculate the greatest common factor of 16288290 and 9720.
2430
Calculate the greatest common factor of 187725 and 13425.
75
Calculate the highest common factor of 38267 and 44972729.
2251
Calculate the greatest common factor of 34910561 and 21.
7
What is the greatest common divisor of 36458690 and 7770?
370
What is the greatest common factor of 16376873 and 1811?
1811
What is the highest common factor of 906017 and 1083565?
2611
What is the greatest common divisor of 100 and 32164700?
100
Calculate the greatest common divisor of 277211 and 1827.
29
What is the highest common divisor of 2549140 and 7180?
20
Calculate the highest common divisor of 7383453 and 15939.
231
Calculate the highest common divisor of 16 and 121273136.
16
What is the highest common factor of 24 and 571578?
6
Calculate the highest common factor of 66944 and 204928.
128
Calculate the highest common divisor of 1134 and 1856412.
54
What is the highest common divisor of 850045 and 478079?
1141
Calculate the greatest common divisor of 493 and 4917994.
29
Calculate the greatest common divisor of 3743 and 1719.
1
Calculate the greatest common factor of 9188960 and 14080.
1760
What is the greatest common divisor of 286455117 and 17?
17
Calculate the highest common factor of 809720574 and 204.
102
Calculate the greatest common divisor of 44005 and 211250.
65
Calculate the greatest common factor of 170 and 103006.
2
Calculate the highest common divisor of 1086 and 256658.
362
What is the greatest common divisor of 368050 and 79050?
850
What is the highest common factor of 467576384 and 184?
184
Calculate the highest common factor of 561822332 and 428.
428
What is the highest common divisor of 199230 and 3570?
30
What is the greatest common factor of 669 and 22664605?
223
What is the highest common divisor of 93385 and 229520?
95
Calculate the highest common factor of 238014 and 5670.
126
What is the highest common factor of 32 and 38895928?
8
What is the highest common factor of 54796 and 69614404?
7828
What is the greatest common divisor of 3477 and 219234?
183
What is the highest common divisor of 2991235918 and 34?
34
What is the greatest common factor of 3536 and 4624?
272
What is the greatest common factor of 989 and 952407?
989
What is the greatest common factor of 235124 and 17114?
86
What is the greatest common divisor of 70 and 4032460?
10
Calculate the highest common factor of 551138 and 28.
14
What is the highest common factor of 7546708 and 5018?
26
Calculate the greatest common factor of 7533 and 1230930.
27
What is the greatest common factor of 3 and 957133?
1
What is the highest common factor of 73209094 and 6958?
994
What is the greatest common factor of 2776447 and 317942?
3697
Calculate the greatest common factor of 7901144 and 35443.
529
What is the highest common divisor of 682784848 and 355?
71
Calculate the greatest common divisor of 380232125 and 65.
65
Calculate the greatest common divisor of 1126622479 and 87.
29
What is the highest common divisor of 27330 and 219312318?
5466
Calculate the highest common divisor of 15848 and 115583426.
3962
Calculate the greatest common factor of 10152 and 224676.
36
What is the highest common factor of 324954 and 16?
2
Calculate the greatest common factor of 74909478 and 57974.
1414
Calculate the highest common divisor of 18605 and 450944269.
3721
Calculate the highest common divisor of 535302515 and 34265.
4895
Calculate the highest common divisor of 14 and 8818894.
14
What is the greatest common factor of 32 and 94877672?
8
What is the greatest common divisor of 371230689 and 1709?
1709
Calculate the highest common factor of 1716 and 3023436.
156
Calculate the greatest common factor of 23742309 and 262.
131
What is the highest common divisor of 402 and 108991178?
134
What is the greatest common divisor of 3343078 and 2752?
86
Calculate the greatest common factor of 3424221 and 513.
27
Calculate the greatest common factor of 104 and 1483937676.
52
Calculate the greatest common factor of 42344471 and 3692.
923
What is the highest common factor of 228 and 35792979?
57
What is the highest common divisor of 73916 and 4828952?
68
What is the greatest common factor of 538401 and 35460?
591
Calculate the greatest common divisor of 1020 and 6724180.
340
Calculate the highest common factor of 20826802 and 170.
34
What is the greatest common divisor of 485 and 1940500?
5
What is the highest common divisor of 1624 and 136068?
116
Calculate the highest common divisor of 633682 and 784.
14
What is the greatest common divisor of 120517 and 36119?
19
What is the greatest common divisor of 275344894 and 376?
94
Calculate the highest common divisor of 32 and 853272.
8
What is the greatest common factor of 128725 and 667473?
271
Calculate the greatest common divisor of 11 and 10369403.
11
Calculate the highest common divisor of 180840 and 4270290.
4110
Calculate the greatest common factor of 597251031 and 39.
39
Calculate the highest common divisor of 10066 and 3745.
7
Calculate the highest common factor of 104 and 219717823.
13
What is the greatest common factor of 32 and 429401456?
16
What is the highest common divisor of 60 and 12359175?
15
Calculate the highest common factor of 10728453 and 6.
3
Calculate the greatest common divisor of 4025 and 2358328.
161
Calculate the greatest common factor of 233483651 and 857.
857
Calculate the greatest common divisor of 23233056 and 898.
898
What is the greatest common divisor of 3796 and 50943269?
949
What is the greatest common divisor of 1604 and 13628386?
802
Calculate the greatest common divisor of 60 and 26121330.
30
Calculate the highest common divisor of 30065 and 58230751.
859
Calculate the greatest common divisor of 6550954 and 47.
47
Calculate the greatest common factor of 338 and 72202.
26
What is the greatest common divisor of 200030 and 55671?
241
What is the highest common divisor of 821359 and 154?
77
Calculate the greatest common divisor of 31866592 and 18676.
2668
What is the highest common divisor of 175164610 and 3040?
190
What is the greatest common factor of 277303 and 85241?
1079
What is the highest common divisor of 1541 and 51464375?
67
What is the greatest common factor of 47479 and 170083?
601
Calculate the highest common divisor of 3857680 and 48.
16
Calculate the greatest common divisor of 49431301 and 161.
23
What is the greatest common divisor of 165 and 34127390?
55
What is the highest common divisor of 2694 and 1227054?
6
Calculate the greatest common divisor of 750496 and 165064.
376
What is the greatest common factor of 5803132 and 2204?
2204
Calculate the highest common factor of 132207655 and 7775.
1555
Calculate the highest common factor of 1176 and 3780448.
392
Calculate the highest common divisor of 1972 and 37674074.
986
What is the highest common factor of 543 and 12018038?
181
Calculate the highest common divisor of 53184 and 3018.
6
W